e thousands digit of 3590?
3
What is the tens digit of 9296?
9
What is the thousands digit of 140683?
0
What is the tens digit of 221?
2
What is the thousands digit of 52257?
2
What is the units digit of 1377?
7
What is the hundreds digit of 23549?
5
What is the tens digit of 17542?
4
What is the units digit of 45885?
5
What is the units digit of 25536?
6
What is the units digit of 687?
7
What is the hundreds digit of 6116?
1
What is the units digit of 552?
2
What is the tens digit of 455?
5
What is the thousands digit of 6839?
6
What is the tens digit of 4562?
6
What is the hundreds digit of 13612?
6
What is the tens digit of 76161?
6
What is the tens digit of 951?
5
What is the thousands digit of 2227?
2
What is the tens digit of 10295?
9
What is the hundreds digit of 1494?
4
What is the units digit of 1198?
8
What is the thousands digit of 60491?
0
What is the tens digit of 3864?
6
What is the tens digit of 395?
9
What is the ten thousands digit of 20183?
2
What is the units digit of 16876?
6
What is the units digit of 1631?
1
What is the units digit of 4997?
7
What is the tens digit of 7838?
3
What is the ten thousands digit of 12056?
1
What is the units digit of 7293?
3
What is the hundreds digit of 6685?
6
What is the tens digit of 1582?
8
What is the hundreds digit of 70457?
4
What is the ten thousands digit of 124971?
2
What is the thousands digit of 4507?
4
What is the thousands digit of 15220?
5
What is the thousands digit of 13998?
3
What is the tens digit of 3277?
7
What is the thousands digit of 4308?
4
What is the units digit of 5905?
5
What is the hundred thousands digit of 126757?
1
What is the tens digit of 2129?
2
What is the tens digit of 14615?
1
What is the units digit of 332?
2
What is the tens digit of 2255?
5
What is the hundreds digit of 1734?
7
What is the units digit of 8389?
9
What is the thousands digit of 2894?
2
What is the thousands digit of 14576?
4
What is the ten thousands digit of 52361?
5
What is the ten thousands digit of 63567?
6
What is the tens digit of 3805?
0
What is the tens digit of 8886?
8
What is the ten thousands digit of 34822?
3
What is the units digit of 1923?
3
What is the units digit of 118601?
1
What is the units digit of 185?
5
What is the thousands digit of 26857?
6
What is the thousands digit of 9050?
9
What is the hundreds digit of 19811?
8
What is the units digit of 6887?
7
What is the thousands digit of 1102?
1
What is the units digit of 844?
4
What is the units digit of 23008?
8
What is the thousands digit of 22060?
2
What is the thousands digit of 7157?
7
What is the units digit of 7276?
6
What is the thousands digit of 12479?
2
What is the thousands digit of 84132?
4
What is the thousands digit of 3257?
3
What is the thousands digit of 2458?
2
What is the hundreds digit of 2431?
4
What is the tens digit of 114191?
9
What is the hundreds digit of 685?
6
What is the ten thousands digit of 25189?
2
What is the ten thousands digit of 19538?
1
What is the units digit of 9813?
3
What is the hundreds digit of 1227?
2
What is the thousands digit of 9347?
9
What is the hundreds digit of 3530?
5
What is the units digit of 714?
4
What is the ten thousands digit of 23581?
2
What is the ten thousands digit of 61034?
6
What is the tens digit of 434?
3
What is the hundred thousands digit of 114957?
1
What is the tens digit of 797?
9
What is the units digit of 886?
6
What is the hundreds digit of 28806?
8
What is the hundreds digit of 9042?
0
What is the tens digit of 3703?
0
What is the hundreds digit of 3066?
0
What is the units digit of 17899?
9
What is the tens digit of 186?
8
What is the thousands digit of 92432?
2
What is the hundreds digit of 3129?
1
What is the ten thousands digit of 16950?
1
What is the hundreds digit of 468?
4
What is the units digit of 39040?
0
What is the tens digit of 69567?
6
What is the units digit of 392?
2
What is the tens digit of 22274?
7
What is the tens digit of 21415?
1
What is the ten thousands digit of 23420?
2
What is the units digit of 2642?
2
What is the hundreds digit of 669?
6
What is the thousands digit of 2477?
2
What is the tens digit of 42316?
1
What is the thousands digit of 2389?
2
What is the thousands digit of 2187?
2
What is the thousands digit of 8299?
8
What is the units digit of 1923?
3
What is the hundreds digit of 36037?
0
What is the units digit of 899?
9
What is the units digit of 1928?
8
What is the hundreds digit of 23787?
7
What is the units digit of 1621?
1
What is the thousands digit of 3440?
3
What is the tens digit of 97092?
9
What is the units digit of 4685?
5
What is the hundreds digit of 712?
7
What is the hundreds digit of 3901?
9
What is the hundreds digit of 109731?
7
What is the units digit of 6151?
1
What is the tens digit of 27460?
6
What is the hundreds digit of 384?
3
What is the units digit of 1590?
0
What is the thousands digit of 13848?
3
What is the tens digit of 1858?
5
What is the units digit of 4100?
0
What is the units digit of 179948?
8
What is the tens digit of 3836?
3
What is the units digit of 1871?
1
What is the tens digit of 2019?
1
What is the tens digit of 1361?
6
What is the units digit of 6718?
8
What is the thousands digit of 1851?
1
What is the ten thousands digit of 45705?
4
What is the thousands digit of 4406?
4
What is the thousands digit of 111561?
1
What is the tens digit of 150?
5
What is the thousands digit of 1225?
1
What is the hundreds digit of 101785?
7
What is the hundreds digit of 106878?
8
What is the units digit of 4498?
8
What is the tens digit of 1272?
7
What is the tens digit of 106263?
6
What is the tens digit of 3307?
0
What is the units digit of 6587?
7
What is the tens digit of 9797?
9
What is the hundreds digit of 198?
1
What is the ten thousands digit of 93990?
9
What is the thousands digit of 1506?
1
What is the thousands digit of 1222?
1
What is the ten thousands digit of 74496?
7
What is the units digit of 2187?
7
What is the tens digit of 5294?
9
What is the ten thousands digit of 23012?
2
What is the hundreds digit of 60737?
7
What is the hundreds digit of 1334?
3
What is the thousands digit of 144454?
4
What is the tens digit of 771?
7
What is the thousands digit of 12935?
2
What is the units digit of 163?
3
What is the thousands digit of 33073?
3
What is the units digit of 2086?
6
What is the units digit of 895?
5
What is the hundreds digit of 12722?
7
What is the tens digit of 125?
2
What is the hundreds digit of 181?
1
What is the hundreds digit of 1264?
2
What is the units digit of 28309?
9
What is the units digit of 82?
2
What is the hundred thousands digit of 112681?
1
What is the ten thousands digit of 10973?
1
What is the thousands digit of 63833?
3
What is the tens digit of 44487?
8
What is the ten thousands digit of 39357?
3
What is the units digit of 233?
3
What is the units digit of 105826?
6
What is the thousands digit of 2768?
2
What is the ten thousands digit of 12999?
1
What is the thousands digit of 2854?
2
What is the thousands digit of 40803?
0
What is the thousands digit of 7249?
7
What is the hundreds digit of 367?
3
What is the ten thousands digit of 70946?
7
What is the units digit of 38183?
3
What is the tens digit of 152?
5
What is the ten thousands digit of 46101?
4
What is the hundreds digit of 1073?
0
What is the tens digit of 1256?
5
What is the hundreds digit of 539?
5
What is the hundreds digit of 660?
6
What is the units digit of 48135?
5
What is the hundreds digit of 4305?
3
What is the tens digit of 2265?
6
What is the hundreds digit of 5948?
9
What is the units digit of 85?
5
What is the ten thousands digit of 73202?
7
What is the hundreds digit of 456?
4
What is the tens digit of 23768?
6
What is the hundreds digit of 1331?
3
What is the units digit of 14836?
6
What is the hundred thousands digit of 111586?
1
What is the units digit of 5328?
8
What is the thousands digit of 141391?
1
What is the hundreds digit of 578?
5
What is the hundreds digit of 21965?
9
What is the units digit of 72?
2
What is the thousands digit of 35944?
5
What is the units digit of 2374?
4
What is the tens digit of 15210?
1
What is the units digit of 2665?
5
What is the ten thousands digit of 14164?
1
What is the thousands digit of 1858?
1
What is the ten